7185*m**2 + 4*m. Determine n(k).
6
Let t = -20 - -24. Suppose -3*p = -t*p + 5*a + 13, -4*p - 4*a = -4. Let w(z) = z - 5*z + p*z + 8. Calculate w(7).
1
Let r = 239 - 245. Let b(a) = -12*a + 4*a + 7 - 7*a**2 - 26 + 14 - a**3. Give b(r).
7
Let u(y) = 5*y**2 - y + 2. Let l(t) = 8*t**2 - t + 1. Let m(r) = 5*l(r) - 7*u(r). Determine m(3).
42
Let o be (-1 + -1)/((-2)/1) + -16. Let d(h) = -2*h**2 - 32*h - 23. Let q be d(o). Let m(v) = v**3 - 7*v**2 - v + 2. What is m(q)?
-5
Let z(l) = -7*l**3 + 39*l**2 + 193*l - 47. Let w(k) = -k**3 + 5*k**2 + 25*k - 6. Let u(n) = -31*w(n) + 4*z(n). Suppose -2*b - 10 = 3*b. Determine u(b).
-16
Let b be -2*(3 + -13)*95/380. Let n(o) = 19*o - 57. Calculate n(b).
38
Suppose -16*p - 31 = -1951. Suppose 4*w + p = 4*b, -5*b + 51 = -3*w - 109. Let j = -41 + b. Let i(c) = c + 5. Give i(j).
-1
Let z = 3877 + -3859. Let i(s) = s**2 - 26*s + 150. Calculate i(z).
6
Suppose 5*y - 10*y = 25. Let w(q) = 2*q**3 + 10*q**2 + 4. Let g be w(y). Suppose -11 = -g*d - 3. Let r(i) = 7*i - 3. What is r(d)?
11
Let g(i) = 7*i**2 - 21*i + 6. Let l be g(3). Suppose -l*m - 18 = -0. Let c(b) = 3*b - 1. Calculate c(m).
-10
Let b(z) = z**3 - z + 13. Let y(t) = -2*t**2 + 75*t + 893. Let s be y(47). Determine b(s).
13
Let l = -195 + 202. Let q(j) = -4*j + 36. Calculate q(l).
8
Let j(b) = b**3 + 3*b**2 - 2*b. Suppose -t = -6*k + 2*k + 4, 5*k - 22 = -3*t. Let r be -4 - 0 - (k - 3). Calculate j(r).
6
Let h(x) = -x**2 - 2*x - 4. Let n be 1 + -2 + 1120/56. Suppose -n*s - 19 = 95. Give h(s).
-28
Let d(t) = -t + 16. Suppose 171*g = 159*g + 288. Determine d(g).
-8
Let b(o) = o**3 + 3*o**2 - 35*o - 14. Let m be b(-6). Suppose -190*p - m = -179*p. Let c(f) = -f + 6. Determine c(p).
14
Suppose -14 + 13 = -6*v - 13. Let y(i) = -6*i**2 - 6*i + 8. What is y(v)?
-4
Let c(b) = -57*b - 55. Let r be c(-1). Let n = -3 - -7. Let w(l) = 1 - 7*l + 2*l**r + 9*l - 1 + n + l**3. Determine w(-3).
-11
Let y(s) be the third derivative of 0 + 1/60*s**5 + 1/2*s**4 + 2*s + 10*s**2 + 7/3*s**3. Determine y(-11).
3
Suppose 3*w = 5*u - 54, 2*w - 48 = 3*w - 5*u. Let k(z) = -2*z**3 - 7*z**2 + 3*z + 12. Calculate k(w).
-6
Let l(m) = 2*m + 8. Let o(w) = -2*w - 19. Let a(n) = -3*l(n) + o(n). What is a(-6)?
5
Let g(r) = -r**3 + 9*r**2 - 5*r + 17. Suppose 6*f - 37 - 16 = -5. Give g(f).
41
Let d(s) = 2*s**3 + 15*s**2 - 2*s + 25. Let g(q) = q**3 + 5*q**2 - q + 9. Let a(c) = 3*d(c) - 8*g(c). Let m(w) = -3*w - 41. Let l be m(-15). Calculate a(l).
-37
Let s(a) = 3*a - 192. Let h(o) = -o + 32. Let d(j) = -6*h(j) - s(j). Determine d(-9).
-27
Let p(w) be the third derivative of -w**4/24 + w**3/3 - w**2 + 18*w - 4. Give p(7).
-5
Suppose -6*a - 2 = -5*a, -3*a - 36 = -2*x. Let d be 60/90*x/(-2). Let v(z) = -2*z - 8. Give v(d).
2
Suppose -s + 243 - 226 = -4*u, 2*u + 11 = s. Let h(q) = -6*q**2 - 3*q - 1. Give h(u).
-46
Suppose 37*l + 1106 + 78 = 0. Let z(t) = t**3 + 32*t**2 - 2*t - 64. Determine z(l).
0
Suppose 0*g = 5*k + 5*g - 20, -16 = -k - 4*g. Let v(l) = -2321*l - 2*l**2 - l**3 + 2322*l + 3*l**2 - 6 + 1. Give v(k).
-5
Let q(s) = s + 1. Let z be (4 + -1)*14/21. Let a be q(z). Suppose -8 = a*k + 1. Let d(j) = j - 1. Calculate d(k).
-4
Let f(z) = 2*z - z + 7 - 4*z. Let h be 55/44*((-2352)/(-35))/14. Calculate f(h).
-11
Let v(h) = -11*h - 45*h - 35 + 58*h. What is v(10)?
-15
Suppose 828 - 4330 - 10069 - 5266 = -2691*k. Let l(b) = -6*b**2 + 2*b**3 - 4*b - b**3 - 3*b - 5. What is l(k)?
-5
Let k(j) = 340659 - 340659 + 2*j. Give k(6).
12
Let b = 193 - 168. Let n(w) = -3*w - 20 + w + b. Calculate n(4).
-3
Let w(g) = -1625*g - 1626*g + 3254*g + 13 - 35. Determine w(7).
-1
Let k(t) = 12 - 25308*t + 50629*t - 25316*t. Give k(21).
117
Suppose 103 - 114 = u + 5*k, 4*k = -3*u. Let a(q) = q**2 - q. Let x(b) = -5*b**2 + 2*b + 2. Let r(z) = -6*a(z) - x(z). Calculate r(u).
-2
Suppose 4*r = 0, 6 - 2 + 11 = -3*t + 3*r. Let j(x) = x**2 - 6*x + 6. Determine j(t).
61
Suppose 62 = 5*j - 58. Suppose -147*a = -151*a - j. Let w(n) = 2*n - 3. What is w(a)?
-15
Let g(i) = -i**3 - 9*i**2 + 11*i + 20. Let m be g(-10). Suppose -11 = -3*q + 5*d, m - 24 = 2*q + 2*d. Let w(z) = -2*z**3 - 3*z**2 + 4*z. Give w(q).
15
Let h(z) = -10*z - 1. Let x(m) = 2*m + 5. Let d(g) = 4*g + 12. Let b(r) = 2*d(r) - 5*x(r). Let t(q) = -2*b(q) + h(q). Give t(4).
-23
Let m(q) = 4*q**2 - 34*q - 16. Let b be m(9). Let g(p) = 4 + 152*p**2 - 153*p**b + 4*p + 6*p - p. What is g(8)?
12
Let c(r) be the second derivative of -2*r**4/3 + r**3/6 - 12*r**2 + 55*r. Let d(z) be the first derivative of c(z). Determine d(-1).
17
Let u(i) = 11*i + 9. Let l(b) = 22*b + 17. Let n(r) = 3*l(r) - 5*u(r). Let j be 391/(-69)*-3 - 21. Calculate n(j).
-38
Let r(y) be the third derivative of -y**5/60 + 23*y**4/24 - 77*y**3/6 + 5086*y**2. Determine r(12).
55
Let p = -22 - -19. Suppose 2*w - 2 - 6 = 4*k, 0 = 3*w - 2*k - 8. Let d(q) = 5 + w*q + 6 - 12. Calculate d(p).
-7
Let f(q) = 3*q**2 + 27*q + 51. Let c be f(-3). Let k(o) = -15*o - 6. Give k(c).
39
Let y(i) = -71*i + 860. Let x be y(12). Let v(d) = 4*d - 35. Calculate v(x).
-3
Let w = 32 + -20. Suppose -6*d + 10*d = -w. Let o(k) be the second derivative of -k**5/20 - k**4/4 - k**3/2 + k**2/2 - 174*k - 2. Determine o(d).
10
Let u(p) be the second derivative of p**5/60 + 7*p**4/24 + 16*p**3/3 + 18*p + 4. Let j(i) be the second derivative of u(i). What is j(-5)?
-3
Suppose 5 = -4*h - 11, -5*h = 4*f + 40. Let g(s) be the first derivative of s**3/3 + 2*s**2 + 3739. What is g(f)?
5
Let l(t) = 12*t - 99*t + 30*t + 32*t + 24*t - 4. Suppose -k + 5*z - 32 = -6, -15 = -5*z. Determine l(k).
7
Let o(t) = -122*t - 1225. Let i be o(-10). Let h(l) = -3*l**2 - 19*l - 33. Determine h(i).
-13
Let r be (-6)/72*180492/273 - 2/(-21). Let n(d) = -15*d - 818. Calculate n(r).
7
Let x(p) be the first derivative of p**3/3 - 11*p**2/2 + 10*p + 1009. What is x(9)?
-8
Let c(g) = g**2 + 8*g + 2. Let i(p) = p**2 + 11*p + 23. Let k be i(-8). Let m = 2 - k. Let w be (-22)/m - 5/(-15). Calculate c(w).
-5
Let l(h) be the third derivative of -h**4/6 - 7*h**3/3 + 567*h**2. Give l(-16).
50
Let y(u) = -u + 12. Let n(f) = -5*f + 3. Let d be n(0). Let g = d - 2. Let a be g*(-3 - 15/(-5)). Determine y(a).
12
Let b(c) = 4*c**2 - 3*c - 10. Let p be b(4). Let g = p + 8. Suppose 5*q + 5*y = g, -3*q - 5*y - 4 + 44 = 0. Let l(m) = 2*m - 6. Give l(q).
4
Suppose 0 = -3*c + 7*c + 152. Let y = 40 + c. Suppose 6 = -y*o + 2. Let g(f) = f**2 - f - 2. Calculate g(o).
4
Let p(m) = 7*m**2 - 4*m. Let k(l) = 5*l + 5 + 13 - 18 - 9*l**2. Let t(o) = -4*k(o) - 5*p(o). Give t(-5).
25
Suppose 0 = -220*l + 216*l + 20, -2*l = d - 15. Let i(y) be the second derivative of -3*y**2 + 1/2*y**4 - 1/20*y**d - 5/6*y**3 + 0 + 22*y. Calculate i(5).
-6
Let i(q) = 1506*q**2 + 1500*q**2 - 4518*q**2 - 1 + 1502*q**2. Suppose 3 = -3*p + 6*p. What is i(p)?
-11
Let l(v) = 9*v - 229. Suppose -4*t = -86 - 18. What is l(t)?
5
Let p(s) = 12*s**3 - s**2 + 3*s + 2. Let b = 8158 - 8156. Give p(b).
100
Let d(s) be the second derivative of -s**5/20 + 11*s**4/12 - 3*s**3/2 - 7*s**2 - 7607*s. Let a(f) = f**3 - 2*f**2 + 1. Let o be a(3). What is d(o)?
-4
Suppose -2408*n = -2493*n + 425. Let y(b) = -6*b + 30. Calculate y(n).
0
Let f(u) = 52 - 3403*u**2 - 51 + 3401*u**2 - 25*u**3. What is f(-1)?
24
Let o be -3 + 0 + (-1 - (4 - 8)). Suppose -4*m + 11*m - 21 = o. Let v be m - 7/(21/(-9)). Let q(f) = -f + 2. Give q(v).
-4
Let z(q) = -q**2 - 7*q - 5. Let i be z(-5). Let m(c) = c**2 - 8*c - 19. Let y be m(10). Let x(p) = -29*p - y + p**2 + 26*p - 5. What is x(i)?
4
Suppose -33*l = -139*l + 16*l - 1350. Let w(d) = d**2 + 13*d - 19. Calculate w(l).
11
Let g(f) = -9*f - 9. Let x(t) = 2*t**2 + 95*t + 41. Let s be x(-47). What is g(s)?
45
Let i(k) be the third derivative of -k**6/120 + 7*k**5/20 + 3*k**4/4 + 85*k**3/6 - 162*k**2. Let r be i(22). Let d(m) = -m**3 - 5*m**2 - 6*m - 4. Give d(r).
-4
Let v(q) = 20*q**2 - 2*q + 160. Let o(f) = -7*f**2 + 2*f - 55. Let a(z) = -17*o(z) - 6*v(z). Determine a(-21).
-4
Let h(p) = -2*p**2 + 27*p - 78. Let x be h(6). Let y(t) = x + 21 + 27 + 4*t - 61. What is y(2)?
7
Let i(v) = 26*v + 27*v + 9 + 13 + 3*v**2 - 10 + v**3 - 54*v. Determine i(-4).
0
Let n(f) = 9*f**2 - 6*f - 1. Let p(l) = 25*l**2 - 18*l - 2. Let q(y) = -11*n(y) + 4*p(y). Suppose 0*a + 2*a + 4 = 0, 2*a = -4*h + 8. What is q(h)?
-6
Let l be